et p(m) = -17*m + 109. Determine p(7).
-10
Let k(m) = 36*m**2 - 3*m + 2. Calculate k(1).
35
Let a(s) = 12*s - 1. Determine a(-1).
-13
Let b(k) = -k**3 + 12*k**2 - 12*k + 6. What is b(11)?
-5
Let p(z) = z + 27. Determine p(-16).
11
Let p(q) = q + 28. Give p(-12).
16
Let t(v) = -7*v + 9. What is t(8)?
-47
Let c(i) = -i**2 + 14*i - 7. Calculate c(11).
26
Let r(f) = f**2 + 7*f - 27. Calculate r(-10).
3
Let k(c) = -7*c**2 - c - 1. What is k(2)?
-31
Let m(w) = w**2 + w - 5. Calculate m(-4).
7
Let b(k) = -6*k - 22. Determine b(-4).
2
Let b(h) = -h**2 - 5*h - 4. What is b(-5)?
-4
Let o(g) = -g**2 + 4*g + 12. Calculate o(6).
0
Let w(p) = -7*p**2 + 2*p + 6. Calculate w(-3).
-63
Let y(v) = -9*v - 65. Give y(-5).
-20
Let y(z) = -z + 1. Calculate y(2).
-1
Let j(v) = -v**2 + 7*v + 23. Determine j(0).
23
Let y(t) = 2*t**3 - 33*t**2 + 47*t - 25. Determine y(15).
5
Let a(q) = -3*q**2 - 9*q - 8. Give a(-5).
-38
Let j(s) = s**3 - 7*s**2 + 10*s + 5. What is j(5)?
5
Let a(b) = 2*b + 41. What is a(6)?
53
Let p(j) = -j**2 - 10*j - 17. What is p(-11)?
-28
Let k(s) = 13*s**3 + s**2 - s - 1. Determine k(-1).
-12
Let i(u) = -u**3 - 22*u**2 - u - 19. What is i(-22)?
3
Let u(h) = -6*h - 2. Calculate u(-3).
16
Let p(l) = -l**3 + 18*l**2 - 31*l - 15. Calculate p(16).
1
Let l(d) = -d**3 + 3*d**2 - 5*d. Determine l(2).
-6
Let u(r) = -2*r**2 + 18*r + 7. Determine u(9).
7
Let k(d) = 2*d - 2. What is k(-7)?
-16
Let n(z) = z**3 - 4*z**2 - 13*z + 7. Determine n(7).
63
Let w(s) = -s**3 - 4*s**2 - 2*s + 7. Determine w(-5).
42
Let b(a) = a**3 + 26*a**2 + 89*a + 22. What is b(-22)?
0
Let t(r) = r**3 + 8*r**2 + 17*r + 43. What is t(-7)?
-27
Let b(t) = -t**2 - 10*t + 29. What is b(0)?
29
Let u(f) = 2*f**2 + 31*f + 21. Determine u(-15).
6
Let s(a) = 4*a**3 - 109*a**2 + 28*a - 24. What is s(27)?
3
Let o(j) = j**2 + 7. Determine o(-8).
71
Let d(a) = 5*a + 39. Calculate d(-9).
-6
Let c(y) = -y**3 - 2*y**2 + 2*y. Calculate c(-3).
3
Let d(s) = -s - 5. Give d(-12).
7
Let b(x) = -x**3 + 27*x**2 - 52*x + 36. Calculate b(25).
-14
Let x(o) = -o**2 - 58*o - 505. Determine x(-11).
12
Let z(d) = -5*d**2 + 44*d - 45. Calculate z(1).
-6
Let t(y) = -y**2 - 17*y + 14. Determine t(-18).
-4
Let u(d) = -3*d**2 - 7*d - 1. Give u(-3).
-7
Let j(b) = 5*b - 15. Determine j(5).
10
Let a(w) = w**2 + 3*w - 8. What is a(4)?
20
Let v(y) = -7*y + 23. Determine v(9).
-40
Let w(r) = -r**2 + 13*r - 18. Determine w(12).
-6
Let t(d) = -d - 38. Give t(-17).
-21
Let r(y) = -8*y + 17. Calculate r(6).
-31
Let q(v) = -v**3 + 3*v**2 + 3*v + 2. What is q(4)?
-2
Let h(y) = y**3 + 20*y**2 - 21*y + 4. Calculate h(-21).
4
Let c(p) = -p**2 + 4*p. Calculate c(5).
-5
Let o(v) = v**2 - 6*v - 1. What is o(6)?
-1
Let u(n) = 4*n - 51. Calculate u(11).
-7
Let n(y) = -9*y + 9. Determine n(-3).
36
Let m(k) = k + 26. Calculate m(0).
26
Let b(m) = -5*m**2 - 2*m + 8. Calculate b(-4).
-64
Let l(n) = 3*n - 108. Determine l(34).
-6
Let g(d) = -d**2 - 7*d - 6. What is g(-3)?
6
Let l(u) = -2*u. Calculate l(-4).
8
Let b(f) = -2*f + 20. Give b(10).
0
Let j(p) = -7*p**2 - 2*p + 1. Give j(1).
-8
Let q(i) = 16*i - 122. Calculate q(11).
54
Let p(c) = c - 6. Determine p(4).
-2
Let k(n) = -n**2 - 4*n + 5. What is k(-6)?
-7
Let j(h) = 5*h + 16. What is j(7)?
51
Let n(m) = 2*m**3 - 7*m**2 - 9*m + 15. Calculate n(4).
-5
Let r(w) = -4*w**2 - 2*w - 2. Give r(-1).
-4
Let i(d) = d**3 + 2*d**2 + 13. Calculate i(-4).
-19
Let i(b) = -2*b**2 - 6*b + 141. What is i(-10)?
1
Let i(x) = -5*x**2 + 42*x - 38. What is i(7)?
11
Let f(a) = -11*a**2 - 9*a + 8. Determine f(1).
-12
Let a(k) = -k**3 - 10*k**2 - 4*k - 4. Determine a(-10).
36
Let v(x) = -4*x**2 - 4*x + 2. Calculate v(1).
-6
Let m(l) = -l**3 + 6*l**2 - 2*l + 5. What is m(3)?
26
Let h(g) = 113*g**3 + 2*g**2 + 2*g + 1. Give h(-1).
-112
Let f(p) = -p**3 - 7*p**2 + 7*p - 9. Determine f(-8).
-1
Let f(l) = l**2 + 9*l - 30. Give f(-11).
-8
Let f(i) = i**2 + 18. Determine f(0).
18
Let s(n) = n**3 - 4*n**2 + 6. Give s(5).
31
Let u(b) = -b**3 + 17*b**2 + 17*b + 26. Calculate u(18).
8
Let t(f) = f**2 + 17*f - 45. Calculate t(-20).
15
Let o(z) = z**3 + 5*z**2 - 10*z + 25. Give o(-7).
-3
Let p(u) = -20*u + 19. What is p(3)?
-41
Let k(r) = -2*r**2 + 29*r + 11. Determine k(15).
-4
Let a(y) = -2*y - 2. Determine a(-3).
4
Let a(k) = 2*k**3 + 9*k**2 - 4*k - 4. Calculate a(-5).
-9
Let m(g) = -65*g - 196. Determine m(-3).
-1
Let z(o) = -o**2 + 8*o + 148. What is z(-9)?
-5
Let g(z) = 3*z + 15. Give g(-4).
3
Let t(n) = n**2 - 14*n - 9. What is t(14)?
-9
Let f(x) = 4*x + 1. What is f(0)?
1
Let k(c) = -c**2 - 15*c - 9. What is k(-15)?
-9
Let q(n) = -n**3 - 25*n**2 - 23*n + 11. Determine q(-24).
-13
Let b(c) = c**3 + 9*c**2 + 10*c + 10. Calculate b(-7).
38
Let w(r) = -r**3 + 10*r**2 + 3*r - 23. Determine w(10).
7
Let d(c) = c**3 + 2*c**2 - 3*c - 2. Determine d(-2).
4
Let y(k) = 3*k + 32. Calculate y(-14).
-10
Let n(a) = -43*a + 11. Determine n(1).
-32
Let c(r) = r**3 + 8*r**2 + 15*r + 6. Give c(-5).
6
Let z(o) = o + 53. Determine z(-59).
-6
Let g(o) = -7*o - 33. Calculate g(-4).
-5
Let k(v) = -4*v - 9. Calculate k(5).
-29
Let j(g) = g**2 + 5*g - 27. Determine j(-8).
-3
Let c(y) = y - 18. What is c(22)?
4
Let a(v) = v**3 - 2*v**2 - 9*v + 1. Give a(4).
-3
Let s(h) = -3*h - 19. Determine s(-3).
-10
Let z(q) = -4*q**3 - q - 1. Determine z(-1).
4
Let g(x) = x**3 + 4*x**2 + 3*x + 9. Calculate g(-4).
-3
Let x(r) = r**2 - 40*r + 315. Give x(11).
-4
Let w(y) = y**3 - 13*y**2 - 33*y + 41. Calculate w(15).
-4
Let r(p) = -p**3 - 2*p**2 + 5*p - 1. Give r(-4).
11
Let f(p) = p**2 - 7*p - 9. What is f(4)?
-21
Let w(u) = -u**2 - 6*u - 2. Calculate w(-5).
3
Let p(r) = -r**2 - 4*r + 7. What is p(-7)?
-14
Let h(c) = -11*c + 377. What is h(34)?
3
Let x(n) = -n**3 + 29*n**2 - 57*n + 22. Calculate x(27).
-59
Let t(p) = 2*p**2 - p + 2. What is t(2)?
8
Let a(l) = 17*l + 1. Give a(1).
18
Let c(f) = 3*f + 86. Give c(-26).
8
Let p(f) = f**3 - 6*f**2 + 9*f - 9. What is p(7)?
103
Let i(a) = 6*a - 19. What is i(13)?
59
Let d(o) = -o**2 + 19*o - 2. Give d(19).
-2
Let t(x) = -12*x**2 + 205*x - 21. Give t(17).
-4
Let h(v) = -4*v + 41. Determine h(10).
1
Let g(q) = q**3 - 5*q**2 - 9*q - 5. Give g(7).
30
Let n(m) = -3*m**2 + 5*m + 8. Give n(-7).
-174
Let y(w) = -w**3 + 2*w**2 + 4*w + 7. What is y(4)?
-9
Let d(f) = 13*f - 34. What is d(-2)?
-60
Let q(n) = n**3 + 7*n**2 - 13*n - 38. Calculate q(-8).
2
Let v(o) = -o**3 + 3*o**2 + 10*o + 6. Calculate v(5).
6
Let w(v) = -3*v - 2. Calculate w(-12).
34
Let z(m) = 4*m + 47. Determine z(-10).
7
Let r(l) = l**3 + 8*l**2 - 21*l - 6. Calculate r(-10).
4
Let g(x) = 3*x + 76. Determine g(-12).
40
Let c(t) = 4*t + 40. Determine c(0).
40
Let h(g) = 3*g - 17. What is h(2)?
-11
Let y(n) = -n**2 + 26*n - 85. Determine y(21).
20
Let c(m) = m**2 + 27*m + 78. Determine c(-24).
6
Let g(n) = -2*n**3 - 10*n**2 - 3*n + 1. Calculate g(-5).
16
Let r(o) = -3*o - 25. Calculate r(-6).
-7
Let f(n) = -8*n**3 - n**2 - 10*n - 9. Determine f(-1).
8
Let g(a) = 18*a**2 + 3*a. Determine g(-1).
15
Let h(f) = -3*f - 5. Determine h(-3).
4
Let h(u) = -20*u + 1. Give h(-1).
21
Let k(x) = x**2 + 11*x + 26. Give k(-6).
-4
Let t(p) = 2*p**2 + 7. Give t(0).
7
Let t(n) = -9*n + 7. Give t(-4).
43
Let p(t) = 8*t**2 - 8*t + 2. Give p(3).
50
Let f(s) = -s - 47. What is f(7)?
-54
Let d(c) = -c**2 - 7*c - 10. What is d(-5)?
0
Let r(i) = i**3 - 30*i**2 - 30*i - 33. Give r(31).
-2
Let f(m) = 2*m. Determine f(0).
0
Let x(z) = -7*z**2 - 553*z - 6. What is x(-79)?
-6
Let z(r) = -r**3 + 6*r**2 + 4*r - 18. What is z(6)?
6
Let c(h) = -h**3 + 3*h + 1. Give c(-2).
3
Let h(c) = -2*c**3 + 3*c**2 - 4*c + 3. Determine h(2).
-9
Let a(i) = 8*i. What is a(3)?
24
Let v(r) = -r**3 - 3*r**2 + 2*r - 4. What is v(-3)?
-10
Let l(d) = 5*d**2 + d. Calculate l(-1).
4
Let p(s) = -s**2 + 39*s + 260. Give p(45).
-10
Let a(r) = -r**2 - 11*r - 46. Determine a(-14).
-88
Let k(s) = s**2 + 8*s - 50. Determine k(-11).
-17
Let j(t) = 8*t - 11. Calculate j(-4).
-43
Let b(g) = -g - 19. Give b(-19).
0
Let t(q) = 5*q - 48. What is t(8)?
-8
Let q(x) = x**2 - 34*x - 200. Calculate q(39).
-5
Let z(h) = -6*h + 5. What is z(3)?
-13
Let h(n) = -2*n**2 - 17*n. Determine h(-8).
8
Let u(y) = y**3 + 4*y**2 - 11*y - 12. What is u(-5)?
18
Let z(l) = -l**2 + 11*l + 3. Calculate z(8).
27
Let t(l) = -l**2 + l - 32. What is t(0)?
-3